s digit of o(7)?
4
What is the units digit of 4 + 641 + -8 + 8?
5
What is the tens digit of 4870/20 + (-15)/(-10)?
4
Let m(u) = 10*u + 123. What is the units digit of m(24)?
3
Suppose -221 = b + 2*p, 2*b - 1161 = 7*b - 4*p. Let g = b + 397. What is the hundreds digit of g?
1
Let k = 226 + 36. What is the tens digit of k?
6
Let r be 4/2 - 0/(-12). Suppose 0*n = r*n. What is the tens digit of (-240)/(-16) - (n - -1)?
1
What is the units digit of (18732/(-126))/((-4)/6)?
3
Let w(h) be the first derivative of 17*h**2 + h + 27. What is the units digit of w(2)?
9
Let d = 2412 + -1675. What is the hundreds digit of d?
7
Suppose 0 = -3*g + 10*g - 1715. Let x = g - 146. What is the units digit of x?
9
Let a = -18 - -10. Let k = 6 + a. What is the tens digit of 10 + 1*(1 - k)?
1
Let i(b) = 106*b**2 - 8*b - 1. What is the tens digit of i(7)?
3
Suppose -3*r + 2*z + 10 = 0, -3*r = -0*z - z - 5. Suppose r = y - 4*v - v - 13, v - 3 = y. Let q(f) = f**3 + 8*f**2 + 5*f + 9. What is the tens digit of q(y)?
2
Suppose 5*m + r = 2346, -41*r = -m - 46*r + 474. What is the hundreds digit of m?
4
Suppose 13 = 3*l + 4. Suppose 0 = -l*s + 3*a + 18, -s + 0 = a + 4. What is the tens digit of (3 - 4)/s*-51?
5
Suppose -3*l + 75 = -84. Suppose p = 149 - l. What is the tens digit of p?
9
Suppose -2*z + 872 = -3*y - 493, 4*z - 5*y - 2731 = 0. What is the hundreds digit of 4 + (z/(-2))/(-3)?
1
Suppose -3*u = 7 - 1. Let i be (u/(-8))/(8/64). Suppose 0 = i*n - 3*w - 107, -w + 58 = n + 2*w. What is the tens digit of n?
5
Let m(c) = -32*c - 22. What is the hundreds digit of m(-11)?
3
Suppose 26*s - 37*s = -20240. What is the hundreds digit of s?
8
Let n = 212 + -90. Let k = n - 87. What is the tens digit of k?
3
Let z be 1 - -2 - (-1)/(-1). Suppose 0 = z*f + 6 + 66. What is the units digit of (-4)/18 - 224/f?
6
Let z(t) = -t**2 + 8*t + 3. Suppose -3 = -6*l + 5*l. Suppose 19 = 5*k + 4*j, 2*k = -2*j + l + 3. What is the tens digit of z(k)?
1
Suppose 85*d - 540 = 79*d. What is the tens digit of d?
9
Suppose -2*m + 0*w = 4*w - 40, -5*m = 4*w - 82. Let x = -14 + m. Suppose x = 5*d + 15, 2*t - 3*d - 13 = 40. What is the units digit of t?
2
Let g = -3 + 7. Suppose -4*f - 8 = -4*p + 4, -3*f - g = -2*p. Let x = f + 4. What is the units digit of x?
6
Suppose -3*t + 2*t + 46 = -5*y, -2*y - 20 = -2*t. What is the units digit of 2/((-42)/y) + (-484)/(-14)?
5
Let a = 52 - 526. What is the tens digit of (-4)/(-14) - a/7?
6
Suppose -5*i = -4*z - 0*i + 30, 0 = -4*z - 3*i + 46. Suppose -z*l - 18 = -11*l. What is the units digit of l?
8
Let i(t) = 7*t**3 + 2*t**2 - 1. Let g(h) = 8*h**3 + h**2. Let p(d) = -5*g(d) + 4*i(d). What is the tens digit of p(-2)?
0
Let r = 188 - -266. What is the hundreds digit of r?
4
Let v(a) = a**2 + 4*a - 8. Let i be v(-7). Let s = i - 3. What is the units digit of s?
0
Let l = 1743 + -31. What is the hundreds digit of l?
7
Suppose -238*s = -242*s + 2448. What is the hundreds digit of s?
6
Let r(w) = w**2 - 14*w + 577. What is the tens digit of r(0)?
7
Suppose 0 = -18*m + 7*m + 7953. Let h = -471 + m. What is the tens digit of h?
5
Suppose -2*v + 0*v = 0, -12 = 4*y - 3*v. Let x(h) = -2*h - 13. Let b be x(9). Let i = y - b. What is the tens digit of i?
2
Let n(v) = 2*v - 23. Let u be n(15). Let x = 4 + u. Suppose x*h = 3*h + 224. What is the units digit of h?
8
Suppose 4124 + 13656 = 7*v. What is the thousands digit of v?
2
Suppose h - 5*t = 22 + 2, 2*h + 2*t = 0. Suppose -h = w - 40. Let z = w + -27. What is the units digit of z?
9
Let z = -928 - -1411. What is the tens digit of z?
8
Suppose 4*d + 4616 = 2*r, 3*d = 4*r - 934 - 8303. What is the units digit of r?
0
Let t(g) = -g**2 + 2*g + 6. Let c(i) = -2*i**2 + 4*i + 11. Let u(f) = 2*c(f) - 5*t(f). Let x be u(10). Let h = x + -48. What is the units digit of h?
4
Suppose -10*r - 1290 = -6730. What is the units digit of r?
4
Let q = -52 + 0. Let b = -38 - q. What is the tens digit of b?
1
Let o(c) = -10*c**3 - 2*c**2 - 4*c - 4. Let r be o(-2). What is the units digit of ((-3)/(-2))/(2/r)?
7
Suppose -4*x - 4*q + 404 = 0, q - 511 = -5*x - 2*q. Let b be ((-12)/8)/((-3)/x). Let f = b - 8. What is the tens digit of f?
4
What is the tens digit of (0 + (0 - 4))*65968/(-448)?
8
Let q(l) be the second derivative of l**4/12 - 5*l**3/6 + 7*l**2/2 + 8*l. Let s be q(4). What is the tens digit of s - 24*4/(-6)?
1
Suppose -2*a + 2391 = -5*x, a - 366 = -3*x + 857. What is the tens digit of a?
0
Let p = 385 - 361. What is the tens digit of p?
2
Suppose f + 93 = -0*f. Let a = -38 - f. What is the units digit of a?
5
Suppose -2*x + 2*o + 20 = 0, 62 = 5*x + o - 2*o. Suppose -t - 25 = -5*q, -2*q - 3 = -2*t - x. Suppose 0 = q*u - 63 - 97. What is the units digit of u?
2
Let g(j) = 2*j**3 - 19*j**2 - 7*j + 19. What is the hundreds digit of g(18)?
4
Let q be (-6)/2 + -17 + -14. Let y = -29 - q. Let h(p) = 10*p + 4. What is the tens digit of h(y)?
5
Let k(p) = -p**3 - 2*p**2 - 2*p + 305. What is the units digit of k(0)?
5
Let h(f) = f**2 - 11*f - 1. Let b be h(12). Let x be ((-4)/(-3))/(b/99). Let i(u) = 2*u + 1. What is the units digit of i(x)?
5
Let v(l) = -152*l**3 + 5*l**2 - 2*l - 6. Let u(x) = x**2 - 1. Let i(r) = -6*u(r) + v(r). What is the tens digit of i(-1)?
5
Let q be (6 - 5) + 1 - -1. What is the tens digit of (-828)/(-3) + (0 - q/(-1))?
7
Suppose 5*d + 113 = -2*y, 3*y - 8*y = 4*d + 240. Let r = 107 + y. Let a = r + -22. What is the tens digit of a?
4
Let s(a) = 152*a**2 - a. Let n be s(-1). Let h = n - 55. What is the units digit of (-15)/10 + h/4?
3
Let s be (-4)/3 + (-10)/15. Let d be (3 - -1)/((-1)/s). Suppose -7*b - 29 = -d*b. What is the tens digit of b?
2
Suppose 98*j = 14*j + 278460. What is the thousands digit of j?
3
Let w be (-5)/10 - 7/(-2). Suppose -w*l + 2 - 14 = 0. What is the units digit of 4/(-8)*1*l?
2
Let v = 16 + -60. Let f be 4/1*58/(-8). Let u = f - v. What is the units digit of u?
5
Let g(w) = 263*w - 1007. What is the tens digit of g(24)?
0
Suppose -3*i = 9, 2*q - 6*i = -5*i - 3. Let l(z) = 1. Let j(c) = -7*c - 14. Let s(a) = q*l(a) + j(a). What is the tens digit of s(-7)?
3
Suppose -4*y + 51 - 15 = 0. Let x = 63 - y. What is the tens digit of x?
5
Suppose -j = 5*p - 184, -p - 15 + 789 = 4*j. Let b = -120 + j. Let w = b - 43. What is the units digit of w?
1
Suppose 0 = -10*b + 8*b + 6. Suppose s = -0 + b, -4*p + 26 = 2*s. Suppose w = -p*j - 1 - 2, 6 = -3*j. What is the units digit of w?
7
Suppose 2*u + 4 = 4*m - 2, 0 = 3*u + 3*m - 18. Suppose -4*o + 52 = -u*o. What is the tens digit of o?
5
Suppose x + 4 = -5. Let j = x + 12. Suppose 0 = -2*i + j*i - 19. What is the tens digit of i?
1
Suppose 4*a - 830 = -2*h, -5*a + 410 = h - 2*a. What is the tens digit of h?
2
Let f(a) = -a**3 + 19*a**2 - 21*a - 37. Suppose -17 = -h - 0*h. What is the hundreds digit of f(h)?
1
Let m(i) = 12*i + 2. Let o be m(3). Let n = -8 + -11. Let a = o + n. What is the tens digit of a?
1
Let f be (-2)/12 + (-1893)/(-18). Let v = f + -28. Let q = v + -54. What is the tens digit of q?
2
Let a(n) = n**3 + 16*n**2 + 27*n + 37. What is the units digit of a(-13)?
3
Let c(f) = 3 + 4 + 2*f + 7 - f. Let y be c(-9). Suppose 0 = -y*w + 184 - 29. What is the units digit of w?
1
Let u = -1072 - -2431. What is the tens digit of u?
5
Let k(v) = -1 - 10 + 2 - 2*v - v**2. Let a be k(0). What is the units digit of -2*2 - (a + 3)?
2
Suppose 2*l = -2*s + s + 4, 3*l - 6 = -2*s. Let w be (-36)/42*(s + -203). Suppose 0 = -2*x - c + 77, 4*x - c - w = c. What is the units digit of x?
1
Let t(w) be the second derivative of w**5/20 + 2*w**4/3 + w**3 - 4*w**2 + 32*w. Let a = -22 - -16. What is the units digit of t(a)?
8
Let v(q) = q**2 + 14*q + 28. What is the units digit of v(-22)?
4
Let d = -28 - -28. Suppose 2*l + l - 3*w - 12 = 0, d = 5*l - 3*w - 24. What is the units digit of (-495)/l*(-2)/3?
5
Let x(t) = t**2 + 5*t - 9. Let v be x(-7). Suppose -4*y = -v*z + 348 + 272, -2*y - 304 = -4*z. Let s = y - -225. What is the tens digit of s?
6
Suppose 3*n = 0, -2*n = 2*u - n - 180. Let m be (-1)/(-2) - 117/(-26). Suppose m*q = u + 140. What is the units digit of q?
6
Suppose -3*l - 5*f + 2291 - 1 = 0, 2*l - f = 1544. What is the tens digit of l?
7
Let y(u) = 3*u**2 + 8*u - 7. What is the thousands digit of y(19)?
1
Let c = -34 + 47. Let q = c + -8. Suppose 50 = q*z